ide t(-4)?
True
Suppose -5*t + 21 = -p, -5*p + 6 = 3*t - 29. Suppose f + 1 = t. Suppose -5*m + 24 = 4*y, -20 - 40 = -f*y + 4*m. Is 6 a factor of y?
False
Let a(d) = d**2 + 1. Let q(m) = -7*m**2 - 6*m - 8. Let s(k) = 6*a(k) + q(k). Let u be s(-7). Is (186/(-9))/(6/u) a multiple of 12?
False
Does 13 divide (4 + 16)*39/12?
True
Suppose 0 = -4*x + 140 - 40. Does 4 divide x?
False
Let w(z) = -z**3 - z + 3. Let x be w(0). Suppose 5*k - 260 = -0*k. Suppose c = -x*c + k. Does 13 divide c?
True
Suppose w = -a + 1, 5*a - 4*w = -8 + 22. Suppose -6*m + 40 = -a*m. Is m a multiple of 5?
True
Let v(m) = -2*m**3 + 25*m**2 - 5*m + 4. Is v(12) a multiple of 11?
True
Let s = -33 - -195. Does 9 divide s?
True
Let u = -13 + 19. Suppose -3*r - u = 3. Let l = 20 - r. Is 7 a factor of l?
False
Let p = 7 + -12. Is (-2 - p)/((-2)/(-8)) a multiple of 12?
True
Is (-14)/21 + 214/6 a multiple of 13?
False
Is 1*(22 - -4) - 2 a multiple of 24?
True
Let y(j) = -j**2 + 2 - 1 - j + 0*j**2 + 37*j**3 + 0*j**2. Is 12 a factor of y(1)?
True
Suppose 0 = 3*f + 4*w - 36, -2*f + 0*w + 5*w + 1 = 0. Let a(p) = 7*p - 1 - 1 - 5. Is 13 a factor of a(f)?
False
Let n = -52 - -19. Let d = 15 + n. Does 7 divide 4/d + (-119)/(-9)?
False
Let h = -17 + 38. Is h a multiple of 17?
False
Suppose 209 - 13 = 4*d. Does 17 divide d?
False
Let z(w) be the first derivative of -w**5/60 + w**4/4 - 2*w**3/3 - 2. Let r(v) be the third derivative of z(v). Is r(-6) a multiple of 7?
False
Let t = 36 + -6. Let i = 42 - t. Does 12 divide i?
True
Suppose 0 = -4*k + 12. Let d = -4 + k. Let y = d - -5. Is y even?
True
Is 15 a factor of 4*(-1)/(-4)*45?
True
Let w = 0 + 3. Suppose -2*b - b = -4*r - 20, 0 = 2*b - 3*r - 14. Suppose -k = 3*z - w - 4, -b = 2*k. Is 3 a factor of z?
True
Let h = -23 + 22. Suppose -3*r + 8*r - 25 = 0. Let g = r + h. Does 3 divide g?
False
Suppose 4*z - 31 = -11. Suppose 6*y + z = y. Let w = 16 + y. Is 14 a factor of w?
False
Suppose -3*w = -4*w + 45. Suppose -b - 4*b = -w. Does 9 divide b?
True
Let a(n) = n. Let c(d) = 2*d**2 + 4*d + 3. Let i be c(-2). Let v be a(i). Is 1 - (15*v)/(-3) a multiple of 8?
True
Let p(d) = d**3 - 6*d**2 + 3*d + 7. Let x be p(5). Let m(t) = 3*t**2 + 3*t + 1 - 5 + 1 + 0. Is m(x) a multiple of 15?
True
Suppose 5*s = 407 + 1088. Does 23 divide s?
True
Let r(v) = -v**2 - 2*v - 6. Let b(q) = -q**2 - 3*q - 6. Let p(c) = 4*b(c) - 5*r(c). Does 7 divide p(5)?
True
Let y(l) = l - 1. Let v(n) = -6*n + 3. Let s(m) = m**2 + 6*m - 6. Let r be s(-7). Let u(g) = r*v(g) - y(g). Is u(-5) a multiple of 13?
True
Let p be 1/(30/(-9) + 3). Let j = p - -6. Does 3 divide j?
True
Let m = 144 + -96. Does 16 divide m?
True
Let d be ((-28)/(-10))/(1/15). Suppose -4*s - 3 - 7 = t, 0 = -t + 2*s - 34. Let b = d + t. Is 8 a factor of b?
True
Suppose n + 105 = 2*n. Let h = n + -72. Does 11 divide h?
True
Is (-3)/(9/(-120)) + -1 a multiple of 12?
False
Suppose -5*h + 80 = -0*h. Suppose 3*s - 5 = u - 14, -3*u - 2*s + h = 0. Is 56/(-3)*u/(-2) a multiple of 20?
False
Let p = 14 - 14. Suppose 5*m + p*q - 213 = -3*q, -5*m = -5*q - 205. Is 14 a factor of m?
True
Let t = 4 - 4. Suppose 0 = 3*d - t*d - 72. Does 8 divide d?
True
Suppose -5*h = -4*q - 449, h - 4*h - 4*q + 295 = 0. Does 31 divide h?
True
Is (244/(-6))/((-16)/24) a multiple of 3?
False
Let i be (-2 - -1)*-3 - 1. Let h = 8 - i. Does 4 divide h?
False
Is 46 a factor of (-177)/(0 + (-12)/(-16)*-1)?
False
Let a(v) = -70*v. Let h be a(-1). Let n = h - 40. Does 17 divide n?
False
Suppose 8*z - 4*z = -48. Is 4*-10*z/16 a multiple of 15?
True
Let b(z) = -z**3 + 5*z**2 + 3*z + 6. Suppose 0 = -5*h - 5*t + 250, 2*h = -0*t - t + 95. Suppose y - 3*y - x + 5 = 0, 4*y - h = 5*x. Is b(y) a multiple of 12?
False
Suppose -3*p + 7*p - 380 = 0. Let r(t) = t**3 + 7*t**2 + 6*t + 3. Let x be r(-5). Suppose 4*j - p + x = 0. Does 9 divide j?
True
Let a(n) = 25*n**2 + n + 4. Does 14 divide a(-2)?
False
Let f be (3 + -2)*(-4)/(-2). Is 12 - (-3)/(-1 + f) a multiple of 5?
True
Let h = 9 - 2. Is 4 a factor of h?
False
Suppose 573 - 201 = 6*k. Suppose 5*g - 213 = k. Is 11 a factor of g?
True
Let y = -257 - -514. Does 12 divide y?
False
Let c = 4 + -1. Let t(p) = p**2 - 4*p + 1 + c - 3*p**2 + p**3. Is 10 a factor of t(4)?
True
Suppose 5*x - 15 = u + 13, -x + 2 = -2*u. Let r(j) = -4. Let m(y) = y + 4. Let p(z) = 6*m(z) + 7*r(z). Does 16 divide p(x)?
True
Let n(o) = 2*o**3 + 2*o - 3*o**2 - o**2 + 2*o**3 + 1 + 3*o**3. Is 15 a factor of n(2)?
True
Suppose -18 = -3*w + 3*f, -3*w - 4*f - 1 + 19 = 0. Suppose -5*h - 11 = -w*h. Is h a multiple of 11?
True
Let t be 4 + -4 + 1*33. Does 10 divide 9/(t/10 + -3)?
True
Suppose 0 = j - 3*z - 78, -5*j - z = -190 - 120. Is 19 a factor of j?
False
Is 4 a factor of (-198)/(-7) + 16/(-56)?
True
Let i(d) be the second derivative of 2*d**3/3 + 3*d**2 + d. Let n be i(-6). Is ((-2)/2)/(2/n) a multiple of 9?
True
Let y be ((-11)/2 - -3)*-2. Let r(m) = -m**3 + 6*m**2 - 3*m + 1. Is 11 a factor of r(y)?
True
Suppose 5*o + 3*n - 32 = 0, 3*n - 24 = -2*o - o. Suppose o*b = -4*g + 324, 0*b = 2*b + 6. Let h = g + -55. Is 10 a factor of h?
False
Let m = -24 - -55. Is m a multiple of 21?
False
Is ((-40)/(-24))/((-1)/(-21)) a multiple of 13?
False
Let k(j) = j**2 + 8*j + 9. Let r be k(-6). Suppose 0 = 2*m + 5 + 13. Does 21 divide m/(0 + r) - -39?
True
Does 5 divide (-3)/(-2 + 37/20)?
True
Suppose -5*y + 65 = 5*p, -p - 3*y + 15 = -8. Is 4 a factor of (1 - -1)*(p + -4)?
True
Let k = 124 - 72. Is 52 a factor of k?
True
Suppose -4*p + 14 = 6. Is p a multiple of 2?
True
Suppose -5*z + 7 = -i - 9, -2*z - i + 5 = 0. Suppose 5 = z*j - 2*j. Is j even?
False
Suppose -2*n + 8 = -3*j, n + 7 = -0*j - 4*j. Let g(u) = 52*u - 1. Let c be g(1). Is 17 a factor of 1/(j + 105/c)?
True
Let w(h) = h**2 + 8*h - 1. Let m(q) = -1. Let r(c) = -6*m(c) - w(c). Is r(-7) a multiple of 11?
False
Let c be (-19)/(-5) - 3/(-15). Suppose c*r - 45 = -13. Is r a multiple of 8?
True
Let b(t) = 3*t - 33. Is b(17) a multiple of 3?
True
Suppose -3*n + 5*t + 19 = -0*n, -4*t = 3*n - 28. Is 3 a factor of n?
False
Suppose -5*i + 25 = -4*i. Is 14 a factor of i?
False
Let v(l) = l**2 - 5*l - 2. Let y be v(5). Let h be y/10 + (-282)/(-10). Let t = -4 + h. Does 8 divide t?
True
Let b = 41 - 27. Let g = 15 + -10. Let l = b - g. Is l a multiple of 9?
True
Let i(s) = -s**3 + 8*s**2 + 11*s - 5. Let k be i(9). Suppose 47 = 5*d - k. Is d a multiple of 6?
True
Suppose k - 62 = -10. Is 13 a factor of k?
True
Let a(z) = z**2 + 4*z. Let s be a(3). Suppose -3*q + s = 6. Suppose 0 = q*i + 5*u - 185, u = -i + 6*i - 167. Is 16 a factor of i?
False
Let p = 4 + 0. Suppose 0 = -0*b - p*b + 64. Does 16 divide b?
True
Let m = 55 + -88. Let l be 159/33 - 6/m. Suppose l*x = -20, -o + 5*x + 36 = x. Does 7 divide o?
False
Let n(z) = -z**2 + 17*z - 10. Does 5 divide n(15)?
True
Suppose 0 = 2*o - 3*q + 8*q + 5, q = -3*o - 27. Let u(d) = -d - 6. Let j be u(o). Does 2 divide j + (-3)/6*2?
False
Let q = 6 - 4. Suppose 0 = -3*n - q*n - f + 376, 0 = -3*f + 3. Does 16 divide n?
False
Suppose 3*k = -0*k. Suppose 0 = -4*g + 3*l - 226, k = 2*g + 3*l + l + 102. Let w = -26 - g. Is 8 a factor of w?
False
Let j(l) = -l**3 - 4*l**2 - 3*l - 5. Is j(-4) even?
False
Suppose -99 = -5*p + 61. Does 8 divide (1/(-2))/((-2)/p)?
True
Let v be 8/5 - 6/(-15). Suppose -20 = -v*w - 3*w. Suppose l - 2*b = -3*l + 20, w = b. Does 3 divide l?
False
Let k(h) = -10*h + 2. Let l(q) = 5*q - 1. Let s(o) = 6*k(o) + 13*l(o). Let i be s(4). Is 8 a factor of 2/(2/i) - 2?
False
Suppose -18 = -0*n - n. Is 9 a factor of n?
True
Let k(q) = -23*q + 1. Is 14 a factor of k(-2)?
False
Does 5 divide 360/10*2/3?
False
Let z(p) be the first derivative of -3*p**2 + 3*p - 2. Is z(-5) a multiple of 11?
True
Let p = -94 - -66. Let u = 9 + p. Let r = 35 + u. Is r a multiple of 13?
False
Suppose 3*z - 127 + 1 = 0. Is 14 a factor of z?
True
Suppose -73 = 3*w - 4*w. Suppose -6*r - w = -199. Is 7 a factor of r?
True
Let f(y) = 8*y**3 - 2*y**2 + 2*y + 1. Is 3 a factor of f(1)?
True
Let y(u) = 32*u - 3. Let x(n) = -3 - 7*n + 1 - 4*n + 3. Let j(z) = -11*x(z) - 4*y(z). Does 11 divide j(-3)?
True
Let s be (0 - 0)*12/(-36). Suppose -3*p - u - 65 = -195, -p - 2*u + 40 = s. Is 22 a factor of p?
True
Let l(r) = -r + 2. Let o(m) = -5*m - 13. Let q(h) = -2*h - 6. Let x(p) = -3*o(p) + 7*q(p). Let d 